ate a(-74).
-1113
Let u(j) = -12*j**2 - 403*j + 405. Calculate u(-30).
1695
Let p(q) = -q**3 - 73*q - 603. Calculate p(-8).
493
Let y(b) = 913*b - 30071. Determine y(33).
58
Let j(d) = -60*d - 3740. Calculate j(-55).
-440
Let u(l) = 9*l**2 + 2573*l + 26945. Give u(-275).
-5
Let f(b) = -2*b**3 + 8*b + 74. Determine f(-3).
104
Let g(i) = 37*i + 100. Calculate g(-23).
-751
Let l(t) = -271*t**2 + 10292*t + 314. Give l(38).
86
Let v(o) = -17*o**3 - 273*o**2 - 11*o - 6. What is v(-16)?
-86
Let d(g) = -g**3 - 55*g**2 - 250*g - 150. What is d(-50)?
-150
Let h(u) = 5*u**3 - 231*u**2 + 2328*u + 3097. Give h(30).
37
Let i(t) = -2385*t - 6776. What is i(-3)?
379
Let d(x) = -28066*x - 813924. Calculate d(-29).
-10
Let p(a) = -2*a**3 - 86*a**2 + 70*a - 798. Give p(-44).
-6
Let c(k) = -1199*k**2 - 46755*k + 206. What is c(-39)?
-28
Let v(h) = -3*h**3 + 38*h**2 - 330*h + 1338. Determine v(6).
78
Let p(f) = -7552*f - 45265. Give p(-6).
47
Let i(v) = v**3 - 187*v**2 + v - 173. Determine i(0).
-173
Let w(z) = 2129*z - 332139. Give w(156).
-15
Let j(d) = 6534*d - 118027. What is j(18)?
-415
Let s(n) = -n**2 + 15028*n - 6814080. Determine s(468).
0
Let i(g) = g**3 - 46*g**2 + 25*g + 55. What is i(46)?
1205
Let g(c) = -34*c**3 + 10*c**2 + 6*c + 3. Determine g(4).
-1989
Let g(m) = -3*m**2 + 5*m + 207. Determine g(-7).
25
Let s(p) = -23*p + 425. What is s(4)?
333
Let i(m) = 596279*m + 4173944. Give i(-7).
-9
Let w(r) = -38646*r + 309070. Determine w(8).
-98
Let o(j) = 2*j**3 + 128*j**2 + 29*j + 10238. Determine o(-65).
-97
Let j(r) = 14119*r + 12938. Determine j(-1).
-1181
Let v(d) = -124*d**2 - 2470*d + 253. Calculate v(-20).
53
Let p(k) = 8*k**3 + 1286*k**2 - 1617*k + 495. Give p(-162).
9
Let v(l) = 2*l**3 + 61*l**2 + 30*l + 166. Give v(-5).
1291
Let m(v) = -1588*v + 39852. Determine m(25).
152
Let h(i) = i**3 - 35*i**2 + 258*i - 1137. Calculate h(27).
-3
Let t(x) = -29927*x - 12808759. Calculate t(-428).
-3
Let k(u) = 91961*u - 1839212. Give k(20).
8
Let r(j) = 1135*j - 8585. Determine r(8).
495
Let h(l) = -2158*l**2 + 2140*l + 4. Determine h(1).
-14
Let t(g) = 25121*g - 1783584. Determine t(71).
7
Let l(j) = 1866*j - 1836. Calculate l(1).
30
Let g(u) = -323173*u + 1292661. Determine g(4).
-31
Let b(a) = -48*a**2 + 1447*a - 1211. Give b(28).
1673
Let z(l) = 454*l - 18705. Give z(41).
-91
Let b(l) = -8*l**2 - 472*l + 508. Determine b(-62).
-980
Let i(j) = 5*j**3 + 1720*j**2 + 1713*j - 1226. What is i(-343)?
-540
Let v(n) = -n**2 - 57957*n + 4003793. Give v(69).
-1
Let c(u) = -u**3 + 10*u**2 + 245*u - 2360. Determine c(11).
214
Let f(i) = 4*i**2 + 930*i - 3705. What is f(4)?
79
Let q(s) = 69*s**2 + 430*s - 860. Determine q(2).
276
Let h(o) = 2*o**2 - 247*o - 3634. What is h(136)?
-234
Let s(c) = c**3 - 116*c**2 + 2880*c - 88. Determine s(36).
-88
Let l(k) = k**3 - 134*k**2 + 4472*k + 570. Determine l(70).
10
Let r(q) = 35515*q - 59. What is r(0)?
-59
Let z(w) = 131*w + 11645. Give z(-88).
117
Let w(c) = -108*c + 2079. Give w(13).
675
Let w(d) = -2389*d + 1562399. Give w(654).
-7
Let l(n) = -10291*n + 102925. Calculate l(10).
15
Let b(k) = k**2 - 253*k + 12780. Determine b(183).
-30
Let p(b) = b**2 + 496*b + 61146. Calculate p(-234).
-162
Let w(d) = 127036*d + 1270369. Give w(-10).
9
Let v(r) = 70*r + 232. Give v(-7).
-258
Let p(w) = -24*w**3 + 3476*w**2 + 573*w + 744. Give p(145).
-271
Let x(b) = -15*b**2 + 112*b - 34. Give x(10).
-414
Let u(s) = -11638*s - 547006. Calculate u(-47).
-20
Let t(q) = -q**2 - 17471*q + 489973. What is t(28)?
1
Let c(f) = -2*f**3 + 137*f**2 + 34*f - 24. What is c(0)?
-24
Let q(z) = -74*z**2 - 1263*z - 4445. What is q(-5)?
20
Let h(a) = 2196*a - 4300. Calculate h(2).
92
Let c(m) = -1439*m**3 + 3*m**2 - 12*m - 15. What is c(-1)?
1439
Let n(c) = 29*c**3 - 203*c**2 - 29*c + 192. Determine n(7).
-11
Let q(x) = 2*x**3 + 620*x**2 + 1233*x + 291. Give q(-308).
-17
Let t(z) = -4*z**2 + 863*z - 4233. Give t(5).
-18
Let j(h) = -2*h**2 + 155*h + 1204. Calculate j(90).
-1046
Let s(f) = 721*f**2 - 7931*f - 12. What is s(11)?
-12
Let y(d) = -4478*d + 179139. Determine y(40).
19
Let f(v) = 9*v**2 + 7472*v + 351119. Calculate f(-50).
19
Let n(d) = -5*d**2 + 1459*d - 4037. Calculate n(289).
9
Let s(l) = 98*l**2 + 198*l + 9. What is s(-4)?
785
Let h(w) = w**3 + 305*w**2 + 9466*w + 4365. Determine h(-270).
45
Let o(g) = 7*g**2 - 366*g - 1563. What is o(-4)?
13
Let n(f) = 25597*f - 793431. Give n(31).
76
Let o(x) = x**2 - 92*x - 13262. Determine o(-70).
-1922
Let l(o) = -7*o**3 - 26976*o + 26977. Calculate l(1).
-6
Let p(d) = -18470*d - 812680. Determine p(-44).
0
Let w(l) = 6*l**2 + 2094*l + 60859. Determine w(-32).
-5
Let m(n) = n**3 + 11*n**2 - 20422*n - 183949. Give m(-9).
11
Let b(k) = -2*k**3 - 186*k**2 - 3183*k + 2593. Give b(-70).
3
Let c(m) = -119*m - 5804. Determine c(-49).
27
Let c(b) = -47933*b + 383576. Determine c(8).
112
Let k(y) = y**2 - 825*y - 71422. What is k(-79)?
-6
Let u(m) = -m**3 - 4*m**2 + 3718*m - 64. What is u(0)?
-64
Let u(r) = 1084*r + 13944. Determine u(-13).
-148
Let l(f) = -111103*f - 3110892. Give l(-28).
-8
Let p(k) = -k**2 - 78*k - 816. What is p(-69)?
-195
Let x(r) = -342959*r - 1714791. What is x(-5)?
4
Let n(r) = -2739*r - 5576. What is n(-2)?
-98
Let j(u) = 406*u**2 + 78360*u + 398. Calculate j(-193).
12
Let l(w) = -2*w**3 + 11*w**2 + 4949*w + 19495. Determine l(-4).
3
Let i(v) = 2*v**3 + 5*v**2 - 67*v - 97. Give i(8).
711
Let f(c) = -213*c**2 - 484*c - 12. Calculate f(-2).
104
Let r(k) = -39*k**2 + 14009*k + 175. Calculate r(359).
3047
Let d(r) = -5*r**2 + 3324*r - 19118. Give d(659).
-7
Let w(g) = -3*g**3 - 27*g**2 + 36*g + 408. Give w(-12).
1272
Let r(i) = 4*i**3 + 58*i**2 + 222*i + 3784. Determine r(-15).
4
Let u(f) = -10*f**2 + 804*f + 42. Determine u(89).
-7612
Let m(v) = -20*v**2 + 99*v - 994. Calculate m(12).
-2686
Let v(l) = 3453*l - 55297. Give v(16).
-49
Let s(n) = -2*n**2 - 1492*n - 278020. Determine s(-362).
-4
Let s(f) = -2*f**3 + 33*f**2 - 76*f - 605. Give s(8).
-125
Let z(f) = -783638*f - 11754559. Determine z(-15).
11
Let y(z) = -8810*z + 7100874. Give y(806).
14
Let t(a) = 2*a**3 + 108*a**2 + 1416*a - 256. What is t(-23)?
-26
Let c(l) = -44104*l + 130325. What is c(3)?
-1987
Let x(s) = 62*s**3 - s**2 + 72*s - 171. Calculate x(3).
1710
Let g(v) = -75*v**2 - 127*v - 461. Calculate g(-5).
-1701
Let w(x) = -11*x**3 + 4123*x**2 + 756*x - 2267. What is w(375)?
-17
Let c(k) = -k**3 - 805*k**2 - 19495*k + 129. What is c(-25)?
4
Let l(u) = 99*u**2 + 81*u - 174. Calculate l(-2).
60
Let a(f) = -3*f**3 + 20*f**2 + 2075*f - 12476. Determine a(6).
46
Let z(q) = -2*q**3 - 2511*q**2 - 10008*q + 21. Calculate z(-4).
5
Let x(g) = 34*g + 410. What is x(-13)?
-32
Let i(j) = 6*j**2 + 12803*j - 481930. Give i(37).
-5
Let h(u) = -58*u**3 + 360*u**2 - 43*u + 226. Calculate h(6).
400
Let c(o) = 2335*o + 959353. Determine c(-411).
-332
Let k(u) = u**3 - 11*u**2 + 100*u + 125. Determine k(7).
629
Let j(z) = 43176*z - 215949. Calculate j(5).
-69
Let q(s) = -28*s**2 - 821*s + 3981. Calculate q(5).
-824
Let u(j) = -6597*j + 13065. Give u(2).
-129
Let c(j) = -289*j + 18784. Give c(65).
-1
Let u(f) = -16*f**2 - 6752*f - 91385. Calculate u(-408).
7
Let b(z) = -8897*z + 51961. Calculate b(6).
-1421
Let z(q) = 12*q**2 - 2197*q + 73495. Calculate z(139).
-36
Let n(l) = -17*l**2 - 2657*l - 56337. Determine n(-131).
-7
Let g(o) = 486*o - 3481. Determine g(8).
407
Let w(z) = 7*z**3 + 358*z**2 - 134*z - 9466. Determine w(-51).
-31
Let g(y) = 4417*y - 1135166. What is g(257)?
3
Let o(m) = m**3 - 22*m**2 + 120*m - 12062. What is o(31)?
307
Let i(m) = m**3 + 109*m**2 + 216*m - 269. Calculate i(-107).
-483
Let x(k) = -963*k - 32409. Calculate x(-34).
333
Let s(z) = z**3 + 116*z**2 + 79*z - 2248. Give s(-115).
1892
Let c(u) = -5*u**2 - 622*u - 1627. Calculate c(-123).
-766
Let l(a) = -31098*a + 901859. Give l(29).
17
Let h(n) = -n**3 + n**2 + 23*n + 159. What is h(-9)?
762
Let m(p) = -2*p**3 - 395*p**2 - 1538*p + 38412. Give m(-193).
5
Let x(k) = 3*k**3 - 40*k**2 + 16*k - 112. What is x(14)?
504
Let m(k) = -k**3 - 73*k**2 - 1316*k - 20. Determine m(-30).
760
Let n(q) = 51867*q - 1763480. What is n(34)?
-2
Let s(u) = 1454*u**2 + 181870*u + 14989. Determine s(-125).
-11
Let x(b) = 2826*b - 2228. What is x(1)?
598
Let h(w) = -2*w**3 + 579*w**2 